[INFO] cloning repository https://github.com/rkusa/web-rs
[INFO] running `Command { std: "git" "-c" "credential.helper=" "-c" "credential.helper=/workspace/cargo-home/bin/git-credential-null" "clone" "--bare" "https://github.com/rkusa/web-rs" "/workspace/cache/git-repos/https%3A%2F%2Fgithub.com%2Frkusa%2Fweb-rs", kill_on_drop: false }`
[INFO] [stderr] Cloning into bare repository '/workspace/cache/git-repos/https%3A%2F%2Fgithub.com%2Frkusa%2Fweb-rs'...
[INFO] running `Command { std: "git" "rev-parse" "HEAD", kill_on_drop: false }`
[INFO] [stdout] aa092951a50e0a8c83b98053c9e066baa9baf2f5
[INFO] building rkusa/web-rs against master#ff34b919075f35a1787659e9c448a34b06bab8de for issue-85264
[INFO] running `Command { std: "git" "clone" "/workspace/cache/git-repos/https%3A%2F%2Fgithub.com%2Frkusa%2Fweb-rs" "/workspace/builds/worker-1/source", kill_on_drop: false }`
[INFO] [stderr] Cloning into '/workspace/builds/worker-1/source'...
[INFO] [stderr] done.
[INFO] validating manifest of git repo https://github.com/rkusa/web-rs on toolchain ff34b919075f35a1787659e9c448a34b06bab8de
[INFO] running `Command { std: "/workspace/cargo-home/bin/cargo" "+ff34b919075f35a1787659e9c448a34b06bab8de" "metadata" "--manifest-path" "Cargo.toml" "--no-deps", kill_on_drop: false }`
[INFO] started tweaking git repo https://github.com/rkusa/web-rs
[INFO] finished tweaking git repo https://github.com/rkusa/web-rs
[INFO] tweaked toml for git repo https://github.com/rkusa/web-rs written to /workspace/builds/worker-1/source/Cargo.toml
[INFO] crate git repo https://github.com/rkusa/web-rs already has a lockfile, it will not be regenerated
[INFO] running `Command { std: "/workspace/cargo-home/bin/cargo" "+ff34b919075f35a1787659e9c448a34b06bab8de" "fetch" "--manifest-path" "Cargo.toml", kill_on_drop: false }`
[INFO] running `Command { std: "docker" "create" "-v" "/var/lib/crater-agent-workspace/builds/worker-1/target:/opt/rustwide/target:rw,Z" "-v" "/var/lib/crater-agent-workspace/builds/worker-1/source:/opt/rustwide/workdir:ro,Z" "-v" "/var/lib/crater-agent-workspace/cargo-home:/opt/rustwide/cargo-home:ro,Z" "-v" "/var/lib/crater-agent-workspace/rustup-home:/opt/rustwide/rustup-home:ro,Z" "-e" "SOURCE_DIR=/opt/rustwide/workdir" "-e" "CARGO_TARGET_DIR=/opt/rustwide/target" "-e" "CARGO_HOME=/opt/rustwide/cargo-home" "-e" "RUSTUP_HOME=/opt/rustwide/rustup-home" "-w" "/opt/rustwide/workdir" "-m" "1610612736" "--user" "0:0" "--network" "none" "ghcr.io/rust-lang/crates-build-env/linux@sha256:20528e8c29e4536546f0102ce88568b16ea7538393a33fcca951030f7af10457" "/opt/rustwide/cargo-home/bin/cargo" "+ff34b919075f35a1787659e9c448a34b06bab8de" "metadata" "--no-deps" "--format-version=1", kill_on_drop: false }`
[INFO] [stdout] 7f3de9d24a7a706e11689f1908a5bc037c8856e970a1ab9330308b26c324dc80
[INFO] [stderr] WARNING: Your kernel does not support swap limit capabilities or the cgroup is not mounted. Memory limited without swap.
[INFO] running `Command { std: "docker" "start" "-a" "7f3de9d24a7a706e11689f1908a5bc037c8856e970a1ab9330308b26c324dc80", kill_on_drop: false }`
[INFO] running `Command { std: "docker" "inspect" "7f3de9d24a7a706e11689f1908a5bc037c8856e970a1ab9330308b26c324dc80", kill_on_drop: false }`
[INFO] running `Command { std: "docker" "rm" "-f" "7f3de9d24a7a706e11689f1908a5bc037c8856e970a1ab9330308b26c324dc80", kill_on_drop: false }`
[INFO] [stdout] 7f3de9d24a7a706e11689f1908a5bc037c8856e970a1ab9330308b26c324dc80
[INFO] running `Command { std: "docker" "create" "-v" "/var/lib/crater-agent-workspace/builds/worker-1/target:/opt/rustwide/target:rw,Z" "-v" "/var/lib/crater-agent-workspace/builds/worker-1/source:/opt/rustwide/workdir:ro,Z" "-v" "/var/lib/crater-agent-workspace/cargo-home:/opt/rustwide/cargo-home:ro,Z" "-v" "/var/lib/crater-agent-workspace/rustup-home:/opt/rustwide/rustup-home:ro,Z" "-e" "SOURCE_DIR=/opt/rustwide/workdir" "-e" "CARGO_TARGET_DIR=/opt/rustwide/target" "-e" "CARGO_INCREMENTAL=0" "-e" "RUST_BACKTRACE=full" "-e" "RUSTFLAGS=--cap-lints=forbid" "-e" "CARGO_HOME=/opt/rustwide/cargo-home" "-e" "RUSTUP_HOME=/opt/rustwide/rustup-home" "-w" "/opt/rustwide/workdir" "-m" "1610612736" "--user" "0:0" "--network" "none" "ghcr.io/rust-lang/crates-build-env/linux@sha256:20528e8c29e4536546f0102ce88568b16ea7538393a33fcca951030f7af10457" "/opt/rustwide/cargo-home/bin/cargo" "+ff34b919075f35a1787659e9c448a34b06bab8de" "build" "--frozen" "--message-format=json", kill_on_drop: false }`
[INFO] [stderr] WARNING: Your kernel does not support swap limit capabilities or the cgroup is not mounted. Memory limited without swap.
[INFO] [stdout] 0c1226b7128ef9b452abfa3a88d2786b30a078407445c957b952816adac5d537
[INFO] running `Command { std: "docker" "start" "-a" "0c1226b7128ef9b452abfa3a88d2786b30a078407445c957b952816adac5d537", kill_on_drop: false }`
[INFO] [stderr]    Compiling futures v0.1.25
[INFO] [stderr]    Compiling slab v0.4.2
[INFO] [stderr]    Compiling itoa v0.4.3
[INFO] [stderr]    Compiling ryu v0.2.7
[INFO] [stderr]    Compiling httparse v1.3.3
[INFO] [stderr]    Compiling string v0.1.3
[INFO] [stderr]    Compiling indexmap v1.0.2
[INFO] [stderr]    Compiling crossbeam-utils v0.6.5
[INFO] [stderr]    Compiling net2 v0.2.33
[INFO] [stderr]    Compiling bytes v0.4.12
[INFO] [stderr]    Compiling mio v0.6.16
[INFO] [stderr]    Compiling http v0.1.16
[INFO] [stderr]    Compiling crossbeam-epoch v0.7.1
[INFO] [stderr]    Compiling crossbeam-queue v0.1.2
[INFO] [stderr]    Compiling serde_json v1.0.39
[INFO] [stderr]    Compiling crossbeam-deque v0.7.1
[INFO] [stderr]    Compiling tokio-executor v0.1.6
[INFO] [stderr]    Compiling tokio-io v0.1.12
[INFO] [stderr]    Compiling tokio-sync v0.1.3
[INFO] [stderr]    Compiling futures-cpupool v0.1.8
[INFO] [stderr]    Compiling want v0.0.6
[INFO] [stderr]    Compiling tokio-current-thread v0.1.5
[INFO] [stderr]    Compiling tokio-timer v0.2.10
[INFO] [stderr]    Compiling tokio-threadpool v0.1.12
[INFO] [stderr]    Compiling tokio-reactor v0.1.9
[INFO] [stderr]    Compiling tokio v0.1.16
[INFO] [stderr]    Compiling tokio-tcp v0.1.3
[INFO] [stderr]    Compiling h2 v0.1.16
[INFO] [stderr]    Compiling hyper v0.12.25
[INFO] [stderr]    Compiling web v0.1.0 (/opt/rustwide/workdir)
[INFO] [stderr]     Finished dev [unoptimized + debuginfo] target(s) in 40.97s
[INFO] running `Command { std: "docker" "inspect" "0c1226b7128ef9b452abfa3a88d2786b30a078407445c957b952816adac5d537", kill_on_drop: false }`
[INFO] running `Command { std: "docker" "rm" "-f" "0c1226b7128ef9b452abfa3a88d2786b30a078407445c957b952816adac5d537", kill_on_drop: false }`
[INFO] [stdout] 0c1226b7128ef9b452abfa3a88d2786b30a078407445c957b952816adac5d537
[INFO] running `Command { std: "docker" "create" "-v" "/var/lib/crater-agent-workspace/builds/worker-1/target:/opt/rustwide/target:rw,Z" "-v" "/var/lib/crater-agent-workspace/builds/worker-1/source:/opt/rustwide/workdir:ro,Z" "-v" "/var/lib/crater-agent-workspace/cargo-home:/opt/rustwide/cargo-home:ro,Z" "-v" "/var/lib/crater-agent-workspace/rustup-home:/opt/rustwide/rustup-home:ro,Z" "-e" "SOURCE_DIR=/opt/rustwide/workdir" "-e" "CARGO_TARGET_DIR=/opt/rustwide/target" "-e" "CARGO_INCREMENTAL=0" "-e" "RUST_BACKTRACE=full" "-e" "RUSTFLAGS=--cap-lints=forbid" "-e" "CARGO_HOME=/opt/rustwide/cargo-home" "-e" "RUSTUP_HOME=/opt/rustwide/rustup-home" "-w" "/opt/rustwide/workdir" "-m" "1610612736" "--user" "0:0" "--network" "none" "ghcr.io/rust-lang/crates-build-env/linux@sha256:20528e8c29e4536546f0102ce88568b16ea7538393a33fcca951030f7af10457" "/opt/rustwide/cargo-home/bin/cargo" "+ff34b919075f35a1787659e9c448a34b06bab8de" "test" "--frozen" "--no-run" "--message-format=json", kill_on_drop: false }`
[INFO] [stdout] d7d34f8f6a34fa34b06c88962ca58d8f898660f66562e2749a139f7ef9a31c10
[INFO] [stderr] WARNING: Your kernel does not support swap limit capabilities or the cgroup is not mounted. Memory limited without swap.
[INFO] running `Command { std: "docker" "start" "-a" "d7d34f8f6a34fa34b06c88962ca58d8f898660f66562e2749a139f7ef9a31c10", kill_on_drop: false }`
[INFO] [stderr]    Compiling futures-await-await-macro v0.1.2 (https://github.com/alexcrichton/futures-await#cd38b747)
[INFO] [stderr]    Compiling proc-macro2 v0.4.27
[INFO] [stderr]    Compiling quote v0.6.11
[INFO] [stderr]    Compiling syn v0.14.9
[INFO] [stderr]    Compiling futures-await-async-macro v0.1.4 (https://github.com/alexcrichton/futures-await#cd38b747)
[INFO] [stderr]    Compiling futures-await v0.1.1 (https://github.com/alexcrichton/futures-await#cd38b747)
[INFO] [stdout] error[E0557]: feature has been removed
[INFO] [stdout]   --> /opt/rustwide/cargo-home/git/checkouts/futures-await-a6ad9b15490168c1/cd38b74/src/lib.rs:17:12
[INFO] [stdout]    |
[INFO] [stdout] 17 | #![feature(on_unimplemented)]
[INFO] [stdout]    |            ^^^^^^^^^^^^^^^^ feature has been removed
[INFO] [stdout] 
[INFO] [stdout] 
[INFO] [stdout] error[E0658]: this is an internal attribute that will never be stable
[INFO] [stdout]   --> /opt/rustwide/cargo-home/git/checkouts/futures-await-a6ad9b15490168c1/cd38b74/src/lib.rs:64:5
[INFO] [stdout]    |
[INFO] [stdout] 64 | /     #[rustc_on_unimplemented = "async functions must return a `Result` or \
[INFO] [stdout] 65 | |                                 a typedef of `Result`"]
[INFO] [stdout]    | |_______________________________________________________^
[INFO] [stdout]    |
[INFO] [stdout]    = help: add `#![feature(rustc_attrs)]` to the crate attributes to enable
[INFO] [stdout] 
[INFO] [stdout] 
[INFO] [stdout] error[E0599]: no method named `resume` found for type parameter `T` in the current scope
[INFO] [stdout]    --> /opt/rustwide/cargo-home/git/checkouts/futures-await-a6ad9b15490168c1/cd38b74/src/lib.rs:120:35
[INFO] [stdout]     |
[INFO] [stdout] 120 |             match unsafe { self.0.resume() } {
[INFO] [stdout]     |                                   ^^^^^^ method not found in `T`
[INFO] [stdout]     |
[INFO] [stdout] help: consider wrapping the receiver expression with the appropriate type
[INFO] [stdout]     |
[INFO] [stdout] 120 |             match unsafe { Pin::new(&mut self.0).resume() } {
[INFO] [stdout]     |                            ^^^^^^^^^^^^^       ^
[INFO] [stdout] 
[INFO] [stdout] 
[INFO] [stdout] error[E0599]: no method named `resume` found for type parameter `T` in the current scope
[INFO] [stdout]    --> /opt/rustwide/cargo-home/git/checkouts/futures-await-a6ad9b15490168c1/cd38b74/src/lib.rs:140:37
[INFO] [stdout]     |
[INFO] [stdout] 140 |             match unsafe { self.gen.resume() } {
[INFO] [stdout]     |                                     ^^^^^^ method not found in `T`
[INFO] [stdout]     |
[INFO] [stdout] help: consider wrapping the receiver expression with the appropriate type
[INFO] [stdout]     |
[INFO] [stdout] 140 |             match unsafe { Pin::new(&mut self.gen).resume() } {
[INFO] [stdout]     |                            ^^^^^^^^^^^^^         ^
[INFO] [stdout] 
[INFO] [stdout] 
[INFO] [stdout] error: aborting due to 4 previous errors
[INFO] [stdout] 
[INFO] [stdout] 
[INFO] [stdout] Some errors have detailed explanations: E0557, E0599, E0658.
[INFO] [stdout] 
[INFO] [stdout] For more information about an error, try `rustc --explain E0557`.
[INFO] [stdout] 
[INFO] [stderr] error: could not compile `futures-await`
[INFO] [stderr] 
[INFO] [stderr] To learn more, run the command again with --verbose.
[INFO] running `Command { std: "docker" "inspect" "d7d34f8f6a34fa34b06c88962ca58d8f898660f66562e2749a139f7ef9a31c10", kill_on_drop: false }`
[INFO] running `Command { std: "docker" "rm" "-f" "d7d34f8f6a34fa34b06c88962ca58d8f898660f66562e2749a139f7ef9a31c10", kill_on_drop: false }`
[INFO] [stdout] d7d34f8f6a34fa34b06c88962ca58d8f898660f66562e2749a139f7ef9a31c10
